 3420467?
2
What is the tens digit of 197952?
5
What is the tens digit of 376591?
9
What is the hundred thousands digit of 486632?
4
What is the hundreds digit of 452043?
0
What is the millions digit of 6197918?
6
What is the hundred thousands digit of 214086?
2
What is the ten thousands digit of 262042?
6
What is the hundreds digit of 5730386?
3
What is the hundred thousands digit of 189580?
1
What is the units digit of 421219?
9
What is the thousands digit of 145628?
5
What is the hundred thousands digit of 1054264?
0
What is the ten thousands digit of 1020835?
2
What is the units digit of 1599615?
5
What is the hundreds digit of 209208?
2
What is the units digit of 4794344?
4
What is the thousands digit of 1210152?
0
What is the thousands digit of 1675177?
5
What is the tens digit of 687514?
1
What is the hundreds digit of 807849?
8
What is the tens digit of 221103?
0
What is the hundreds digit of 59799?
7
What is the units digit of 6347839?
9
What is the hundreds digit of 5805245?
2
What is the thousands digit of 34259613?
9
What is the hundred thousands digit of 300259?
3
What is the tens digit of 3059765?
6
What is the tens digit of 17716015?
1
What is the tens digit of 494926?
2
What is the hundred thousands digit of 152269?
1
What is the tens digit of 2435118?
1
What is the thousands digit of 771531?
1
What is the ten thousands digit of 1771016?
7
What is the ten thousands digit of 56894?
5
What is the thousands digit of 12959816?
9
What is the hundreds digit of 752512?
5
What is the ten thousands digit of 70103?
7
What is the thousands digit of 80064?
0
What is the hundreds digit of 809941?
9
What is the ten thousands digit of 109195?
0
What is the hundred thousands digit of 206358?
2
What is the hundreds digit of 35675?
6
What is the tens digit of 536015?
1
What is the thousands digit of 131693?
1
What is the thousands digit of 13713799?
3
What is the thousands digit of 1106161?
6
What is the hundred thousands digit of 522438?
5
What is the hundreds digit of 14258?
2
What is the thousands digit of 251258?
1
What is the thousands digit of 292318?
2
What is the units digit of 275579?
9
What is the tens digit of 111175?
7
What is the tens digit of 2057229?
2
What is the tens digit of 2814?
1
What is the tens digit of 26017?
1
What is the hundreds digit of 10168605?
6
What is the hundred thousands digit of 1373990?
3
What is the hundreds digit of 11158670?
6
What is the ten millions digit of 26710406?
2
What is the thousands digit of 2363441?
3
What is the hundred thousands digit of 316526?
3
What is the hundreds digit of 47987?
9
What is the thousands digit of 3234736?
4
What is the hundreds digit of 5810759?
7
What is the tens digit of 112314?
1
What is the hundreds digit of 7461939?
9
What is the units digit of 5334306?
6
What is the thousands digit of 123136?
3
What is the hundreds digit of 6565160?
1
What is the hundreds digit of 1024921?
9
What is the tens digit of 8058211?
1
What is the hundred thousands digit of 186211?
1
What is the thousands digit of 786810?
6
What is the thousands digit of 32924570?
4
What is the thousands digit of 293502?
3
What is the hundreds digit of 3479210?
2
What is the hundreds digit of 1951357?
3
What is the units digit of 6142884?
4
What is the ten thousands digit of 578375?
7
What is the tens digit of 1414708?
0
What is the hundred thousands digit of 1623519?
6
What is the hundreds digit of 920891?
8
What is the hundred thousands digit of 377369?
3
What is the ten thousands digit of 35386240?
8
What is the units digit of 268236?
6
What is the units digit of 45601?
1
What is the units digit of 153834?
4
What is the ten millions digit of 19109578?
1
What is the thousands digit of 129140?
9
What is the ten thousands digit of 33770?
3
What is the tens digit of 3167449?
4
What is the hundred thousands digit of 5221712?
2
What is the hundreds digit of 3497779?
7
What is the tens digit of 17829?
2
What is the hundred thousands digit of 6716808?
7
What is the tens digit of 243929?
2
What is the hundred thousands digit of 4752725?
7
What is the tens digit of 2049810?
1
What is the thousands digit of 29637507?
7
What is the hundred thousands digit of 194856?
1
What is the hundreds digit of 1878766?
7
What is the units digit of 695267?
7
What is the hundreds digit of 210343?
3
What is the ten thousands digit of 633229?
3
What is the hundreds digit of 178044?
0
What is the thousands digit of 23145524?
5
What is the hundreds digit of 990477?
4
What is the thousands digit of 5763050?
3
What is the tens digit of 3471003?
0
What is the hundreds digit of 710357?
3
What is the ten thousands digit of 310850?
1
What is the thousands digit of 229941?
9
What is the hundred thousands digit of 273533?
2
What is the thousands digit of 578062?
8
What is the millions digit of 3753461?
3
What is the hundred thousands digit of 513693?
5
What is the units digit of 186806?
6
What is the thousands digit of 300300?
0
What is the hundred thousands digit of 5184817?
1
What is the thousands digit of 7277628?
7
What is the thousands digit of 16890068?
0
What is the thousands digit of 3229274?
9
What is the units digit of 622182?
2
What is the millions digit of 25676914?
5
What is the units digit of 8677298?
8
What is the tens digit of 37903645?
4
What is the units digit of 6011477?
7
What is the units digit of 572234?
4
What is the hundred thousands digit of 165995?
1
What is the thousands digit of 777396?
7
What is the units digit of 860601?
1
What is the millions digit of 1863868?
1
What is the hundreds digit of 3852082?
0
What is the tens digit of 6664411?
1
What is the tens digit of 11831700?
0
What is the hundreds digit of 832963?
9
What is the tens digit of 938014?
1
What is the hundred thousands digit of 1639850?
6
What is the millions digit of 1012973?
1
What is the hundreds digit of 5355917?
9
What is the tens digit of 200702?
0
What is the thousands digit of 632874?
2
What is the hundred thousands digit of 204904?
2
What is the hundreds digit of 326890?
8
What is the millions digit of 1861017?
1
What is the thousands digit of 809968?
9
What is the ten thousands digit of 3636026?
3
What is the units digit of 7945754?
4
What is the hundred thousands digit of 525619?
5
What is the tens digit of 2845404?
0
What is the hundred thousands digit of 297477?
2
What is the hundreds digit of 31245076?
0
What is the tens digit of 137684?
8
What is the ten thousands digit of 865465?
6
What is the ten thousands digit of 7367187?
6
What is the units digit of 634588?
8
What is the thousands digit of 7745697?
5
What is the millions digit of 12069640?
2
What is the hundreds digit of 221858?
8
What is the millions digit of 4110740?
4
What is the hundred thousands digit of 980375?
9
What is the tens digit of 163514?
1
What is the hundred thousands digit of 299626?
2
What is the hundreds digit of 426311?
3
What is the tens digit of 256498?
9
What is the thousands digit of 3568095?
8
What is the tens digit of 122223?
2
What is the thousands digit of 223434?
3
What is the units digit of 2280054?
4
What is the tens digit of 4660645?
4
What is the millions digit of 2016015?
2
What is the millions digit of 5969948?
5
What is the ten thousands digit of 10774200?
7
What is the hundred thousands digit of 27503073?
5
What is the hundred thousands digit of 971274?
9
What is the hundreds digit of 655764?
7
What is the ten thousands digit of 1492607?
9
What is the hundreds digit of 24877347?
3
What is the hundreds digit of 3225657?
6
What is the hundred thousands digit of 10082719?
0
What is the thousands digit of 5646381?
6
What is the hundreds digit of 452501?
5
What is the hundred thousands digit of 1570921?
5
What is the tens digit of 1810146?
4
What is the thousands digit of 299118?
9
What is the units digit of 3553827?
7
What is the hundred thousands digit of 1446681?
4
What is the units digit of 339693?
3
What is the hundred thousands digit of 6986500?
9
What is the hundreds digit of 826979?
9
What is the millions digit of 22645962?
2
What is the thousands digit of 198664?
8
What is the hundred thousands digit of 118285?
1
What is the units digit of 13496944?
4
What is the units digit of 1917740?
0
What is the ten thousands digit of 1097551?
9
Wha